at is the hundreds digit of 764111098?
0
What is the units digit of 311028263?
3
What is the hundreds digit of 75344440?
4
What is the thousands digit of 134365605?
5
What is the hundred thousands digit of 150136683?
1
What is the units digit of 1392022421?
1
What is the hundred thousands digit of 4831596500?
5
What is the hundreds digit of 2202238622?
6
What is the tens digit of 100889840?
4
What is the units digit of 209787848?
8
What is the hundreds digit of 529846114?
1
What is the hundred millions digit of 359274596?
3
What is the tens digit of 1629436910?
1
What is the tens digit of 370888865?
6
What is the tens digit of 69536259?
5
What is the ten millions digit of 580771813?
8
What is the units digit of 924543610?
0
What is the ten millions digit of 955013415?
5
What is the tens digit of 567425611?
1
What is the hundred millions digit of 808145279?
8
What is the billions digit of 2853368444?
2
What is the tens digit of 49122230?
3
What is the hundred millions digit of 258955082?
2
What is the hundreds digit of 57137429?
4
What is the ten millions digit of 882844456?
8
What is the units digit of 20747989?
9
What is the hundred thousands digit of 73327365?
3
What is the tens digit of 72890871?
7
What is the hundred thousands digit of 857405518?
4
What is the hundred thousands digit of 372073913?
0
What is the hundred millions digit of 1225033581?
2
What is the ten thousands digit of 180596179?
9
What is the tens digit of 2873960914?
1
What is the hundred millions digit of 437857014?
4
What is the thousands digit of 5493987?
3
What is the units digit of 58181965?
5
What is the hundred thousands digit of 176158271?
1
What is the thousands digit of 176746966?
6
What is the ten thousands digit of 144205425?
0
What is the ten millions digit of 398017030?
9
What is the hundred thousands digit of 539029013?
0
What is the units digit of 1729966?
6
What is the hundred thousands digit of 67792923?
7
What is the ten thousands digit of 469000234?
0
What is the units digit of 86262183?
3
What is the ten thousands digit of 64126060?
2
What is the millions digit of 49087259?
9
What is the tens digit of 5067731129?
2
What is the hundred thousands digit of 28466401?
4
What is the millions digit of 201853820?
1
What is the ten millions digit of 110204921?
1
What is the hundreds digit of 47371378?
3
What is the tens digit of 7262955?
5
What is the tens digit of 140354293?
9
What is the thousands digit of 3746478894?
8
What is the units digit of 1767460019?
9
What is the thousands digit of 5365879251?
9
What is the ten thousands digit of 74586198?
8
What is the hundreds digit of 174975350?
3
What is the hundred millions digit of 2823172363?
8
What is the hundred millions digit of 278748669?
2
What is the units digit of 2579985666?
6
What is the hundreds digit of 106158894?
8
What is the tens digit of 2357824311?
1
What is the tens digit of 386429806?
0
What is the hundred millions digit of 6017822294?
0
What is the millions digit of 2876247?
2
What is the ten millions digit of 109477403?
0
What is the thousands digit of 210711804?
1
What is the ten millions digit of 265796726?
6
What is the units digit of 22604889?
9
What is the ten millions digit of 1621167929?
2
What is the units digit of 703684297?
7
What is the hundred thousands digit of 679766157?
7
What is the ten thousands digit of 43274116?
7
What is the units digit of 77363885?
5
What is the tens digit of 897111271?
7
What is the thousands digit of 692237101?
7
What is the ten thousands digit of 38990245?
9
What is the hundred millions digit of 2743411908?
7
What is the thousands digit of 1742033698?
3
What is the hundred millions digit of 778697955?
7
What is the units digit of 4204819816?
6
What is the tens digit of 36751688?
8
What is the ten millions digit of 17761879?
1
What is the thousands digit of 6039075?
9
What is the hundreds digit of 34548408?
4
What is the ten thousands digit of 24971040?
7
What is the tens digit of 3134246712?
1
What is the ten thousands digit of 3065338367?
3
What is the billions digit of 1145051668?
1
What is the ten thousands digit of 1351900980?
0
What is the hundreds digit of 407806067?
0
What is the tens digit of 1160475786?
8
What is the ten thousands digit of 156047511?
4
What is the ten millions digit of 16623154?
1
What is the units digit of 252648524?
4
What is the hundred thousands digit of 79885809?
8
What is the ten thousands digit of 400789241?
8
What is the units digit of 9068948?
8
What is the tens digit of 186417619?
1
What is the hundreds digit of 33831885?
8
What is the hundred millions digit of 117978623?
1
What is the ten thousands digit of 13388394?
8
What is the thousands digit of 372762605?
2
What is the ten thousands digit of 250155294?
5
What is the ten thousands digit of 147894789?
9
What is the ten thousands digit of 2042143?
4
What is the hundreds digit of 2120632312?
3
What is the thousands digit of 3519915116?
5
What is the ten thousands digit of 56758143?
5
What is the hundred thousands digit of 2989453537?
4
What is the units digit of 208204781?
1
What is the units digit of 322803375?
5
What is the hundred millions digit of 2564079015?
5
What is the ten millions digit of 3083042316?
8
What is the hundreds digit of 94546132?
1
What is the hundred thousands digit of 271409270?
4
What is the hundreds digit of 850325?
3
What is the ten thousands digit of 194668562?
6
What is the hundreds digit of 2106530127?
1
What is the hundreds digit of 19811154?
1
What is the units digit of 360347738?
8
What is the hundreds digit of 1971463558?
5
What is the ten thousands digit of 6778650?
7
What is the ten thousands digit of 2441941625?
4
What is the tens digit of 2347878864?
6
What is the tens digit of 45436422?
2
What is the hundred millions digit of 155462818?
1
What is the hundreds digit of 6834257?
2
What is the hundred thousands digit of 1984469596?
4
What is the hundred millions digit of 3182752965?
1
What is the hundred millions digit of 195367488?
1
What is the thousands digit of 97511274?
1
What is the hundred thousands digit of 517225400?
2
What is the billions digit of 3458148214?
3
What is the hundred millions digit of 368974716?
3
What is the millions digit of 131958441?
1
What is the millions digit of 4936062828?
6
What is the ten thousands digit of 8756397?
5
What is the hundreds digit of 1897972781?
7
What is the millions digit of 755490751?
5
What is the millions digit of 431230947?
1
What is the hundreds digit of 107479138?
1
What is the hundreds digit of 2762096?
0
What is the tens digit of 1670361494?
9
What is the hundred thousands digit of 166579983?
5
What is the hundred thousands digit of 1530788889?
7
What is the billions digit of 1014127967?
1
What is the hundred thousands digit of 63294568?
2
What is the units digit of 5306179146?
6
What is the millions digit of 1314430261?
4
What is the hundred millions digit of 159625230?
1
What is the millions digit of 263547214?
3
What is the ten millions digit of 46709107?
4
What is the ten millions digit of 40298127?
4
What is the thousands digit of 150841133?
1
What is the hundred thousands digit of 719443437?
4
What is the ten thousands digit of 1905465572?
6
What is the millions digit of 57428827?
7
What is the hundred millions digit of 1780798782?
7
What is the millions digit of 8701330?
8
What is the ten millions digit of 447098843?
4
What is the ten millions digit of 62832676?
6
What is the billions digit of 1420046086?
1
What is the units digit of 512804?
4
What is the hundred millions digit of 1754364985?
7
What is the units digit of 111327179?
9
What is the ten thousands digit of 6340836?
4
What is the millions digit of 126814470?
6
What is the hundred thousands digit of 14313287?
3
What is the hundreds digit of 30026983?
9
What is the thousands digit of 11816116?
6
What is the millions digit of 374932890?
4
What is the tens digit of 9650033?
3
What is the ten millions digit of 812301978?
1
What is the hundred millions digit of 3196673617?
1
What is the tens digit of 10564501?
0
What is the billions digit of 1298377879?
1
What is the tens digit of 244564930?
3
What is the hundreds digit of 2303153142?
1
What is the thousands digit of 433313284?
3
What is the millions di